 - -16. What are the prime factors of c?
2, 3
Suppose -3*t + 20 = -2*u - 3, -45 = -5*t + 5*u. Let r be ((-18)/15)/((-4)/10). Suppose r = 4*f - t. List the prime factors of f.
2
Suppose 0 = -5*s + 86 + 374. List the prime factors of s.
2, 23
Suppose -7 = 4*r - 5*r. What are the prime factors of r?
7
List the prime factors of (-4)/(-28) + 1916/14.
137
Suppose 6*y - 440 - 658 = 0. List the prime factors of y.
3, 61
Let i be ((-4)/(-10))/(1/(-10)). What are the prime factors of 1/(8/(-14))*i?
7
Let x be (0 - 4/8)*-4. Suppose -2*l - 32 = -x*m - 4*l, m + 4*l = 19. What are the prime factors of m?
3, 5
Let v = -11 - -21. Suppose 5*s - 75 = 3*z, s + z + 3 = v. List the prime factors of s.
2, 3
Let n(y) = 5*y - 31. What are the prime factors of n(12)?
29
Let i = 1 + 5. Suppose 0 = i*t - 3*t - 12. Let s = t - -1. List the prime factors of s.
5
Let i(n) = n**2 + 7*n + 9. Let c be i(-6). Suppose 9 = c*o - 0. What are the prime factors of o?
3
Suppose 3*h - 8*h + 5 = 0. Let p = h + 3. Suppose -m + 20 = p*m. List the prime factors of m.
2
Let z = 134 + 46. List the prime factors of z.
2, 3, 5
Let p = -60 - -39. Let k = -12 - p. List the prime factors of k.
3
Let c(q) = -q**2 - 6*q - 3. Let f be c(-5). Suppose f*h + 3*h - 20 = 0. Suppose 2*t - 16 = -0*t - 4*w, -4*t - h*w = -36. What are the prime factors of t?
2, 5
Suppose 2*x + 7*h - 97 = 2*h, -x + h = -31. List the prime factors of x.
2, 3
Let q be (-6)/10 + (-444)/(-15). Let i = q + -15. List the prime factors of i.
2, 7
Suppose y + 0*y = -s + 125, -4*y = -3*s - 528. What are the prime factors of y?
3, 43
Let l(p) = 4*p**2 - p - 11. Let q(x) = -2*x**2 + 5. Let n(b) = -2*l(b) - 5*q(b). Let v be n(2). Suppose 2*s - v = 7. List the prime factors of s.
2
Let z(r) = r**2 - r + 23. Let t be z(0). Suppose t - 78 = -5*f. What are the prime factors of f?
11
Let l(s) = -s**3 - 5*s**2 - 4*s - 13. What are the prime factors of l(-6)?
47
Suppose 0 = -3*x - 2*g - 13, 5 = x + 5*g - 8. Let n = x + 9. List the prime factors of n.
2
Let u be 1084/(-28) + 2/(-7). List the prime factors of (u/2)/((-6)/8).
2, 13
Suppose -6*d = -7*d + 18. Suppose -n = -2, -4*q + 2*n + d = 6. What are the prime factors of q?
2
Suppose 5 = -i + 2*i, -4*z + 8 = -4*i. List the prime factors of z - -3 - (-2 + 3).
3
Let s(b) = b**2 + 15*b + 1. List the prime factors of s(-16).
17
Suppose 2*i - 3*v - 92 = -0*i, 2*i - 96 = 2*v. List the prime factors of i.
2, 13
Suppose -2*p + 0*p = 164. Let a = 47 - p. What are the prime factors of a/12 - (-2)/8?
11
Suppose 0 = 2*x - 3*h + 5 + 20, 4*x = h - 55. Let a = -4 - x. List the prime factors of a.
2, 5
Suppose -3*c + 0*s = 2*s - 36, 2*c + 3*s = 19. Let o = c + -6. List the prime factors of o.
2
Let t = -3 - -3. Suppose -2*p - 10 - 4 = t. Let s = p + 11. What are the prime factors of s?
2
Let x(w) = -8*w. Let b be x(-3). Suppose 0*l + 4*l = -b. Let h = 2 - l. What are the prime factors of h?
2
Let u = 6 + 54. List the prime factors of u.
2, 3, 5
Let c be 3/7 - 160/(-35). Suppose 6 = c*q - 2*q. List the prime factors of 9/((-3)/3 + q).
3
Suppose o + 9 = 1. What are the prime factors of (-2)/o + 131/4?
3, 11
Let y(s) = 13*s - 1. Let b = -3 - -2. Let u = 0 - b. List the prime factors of y(u).
2, 3
What are the prime factors of (-8)/((3/8)/(-3))?
2
Let t = 3 - -19. List the prime factors of t.
2, 11
Let u(h) = h**3 + 4*h**2 - 4*h. Suppose -2*j - 28 = 5*j. What are the prime factors of u(j)?
2
Let v(c) = 4*c - 8. Let m(n) = -5*n + 8. Let l(b) = -5*m(b) - 4*v(b). List the prime factors of l(3).
19
Suppose -48*t = -47*t - 34. What are the prime factors of t?
2, 17
Let f be (-10)/(-35) + 19/7. Let n be (-2)/((-2)/7 - 0). Suppose 18 = f*x + 3*b, 5*x - 40 = -2*b + n*b. List the prime factors of x.
7
Let g be 10/(-55) + 138/33. Suppose 14 = -g*x + 42. List the prime factors of x.
7
Let u = 216 + -92. What are the prime factors of u?
2, 31
Suppose 0 = 8*n - 13*n + 375. List the prime factors of n.
3, 5
Let k = 74 - -18. Suppose j + 1 = -0*j, 2*m - 2*j - k = 0. List the prime factors of m.
3, 5
Suppose -3*a - 8 = -4*h, 3*h + 10 = 5*h. Suppose a*i - 48 - 144 = 0. What are the prime factors of i?
2, 3
Suppose 2*g + 1 - 5 = 0. What are the prime factors of g?
2
Let d(x) = x**2 - 7*x - 5. Let z be d(8). What are the prime factors of 1*-3*(-2)/z?
2
Suppose 3*m = 6, 2*m + 58 = 3*k - 160. What are the prime factors of k?
2, 37
Suppose a + 20 = 168. Suppose -3*q + a - 34 = 0. What are the prime factors of q?
2, 19
Let v(p) = 3*p**2 - 10*p + 5. List the prime factors of v(6).
53
Suppose 0*b - 3*b + 123 = 0. Let k = 69 - b. List the prime factors of k.
2, 7
Suppose -61 - 130 = -g. What are the prime factors of g?
191
Suppose -4*b - o + 5 + 2 = 0, -3*o + 7 = 5*b. Suppose 70 = b*c - 3*i, 4 = 3*c - 2*i - 106. Suppose -2 = -5*y + c. List the prime factors of y.
2
Suppose -3*o + o = -68. Let m be 0 + o - (2 - 2). Suppose 2*z - 30 = -2*l, -2*z - 3*l + m = -0*l. What are the prime factors of z?
11
Let v(j) = -j - 2. Let o be (0 + 1)/((-2)/4). Let z be v(o). Let m(g) = -g**3 + 11. What are the prime factors of m(z)?
11
Let h(l) = l**2 - 6*l - 1. Let v be h(6). What are the prime factors of 5/((v + -1)/(-4))?
2, 5
Let n = 4 + 34. What are the prime factors of n?
2, 19
Suppose 4*d = 4*r - d + 2, -14 = -3*r - 4*d. Let i be (r - 1) + 5 + 0. List the prime factors of (-4)/i + (-40)/(-6).
2, 3
Suppose -12 = g - 3*g. Suppose 4*u - 3*p - 24 = 0, -5*u = 4*p - 5 + g. What are the prime factors of u?
3
Suppose -24 - 5 = c. Let f = 49 + c. List the prime factors of f.
2, 5
Let j(k) = k**3 + 7*k**2 - k + 3. Let x be j(-7). Let z be (4/x - 0)*20. List the prime factors of 18/z - 3/12.
2
Let d = -21 - -45. Let l be (-58)/(-6) + 1/3. Let p = d - l. List the prime factors of p.
2, 7
Let c be 2/(-3) - 17/(-3). Suppose -c*f + 22 = -78. Suppose 0 = -0*m - 2*m + f. List the prime factors of m.
2, 5
Let r(y) be the third derivative of y**6/120 + 7*y**5/60 - 5*y**4/12 - y**3/6 + y**2. What are the prime factors of r(-8)?
3, 5
Let g(d) = d**2 + 3*d + 2. Let c = 4 + -7. Let v be g(c). Suppose 8 = o - v. List the prime factors of o.
2, 5
Let p(i) = -2*i + 148. Let u be p(0). Suppose -o = -5*o + u. What are the prime factors of o?
37
Suppose 10 = 2*l - 74. List the prime factors of l.
2, 3, 7
Let j be 247/(-39)*-3*1. Suppose 7 = -4*r + j. What are the prime factors of r?
3
Let q be ((-12)/15)/((-8)/20). Let d(h) = -9*h**2. Let k be d(q). List the prime factors of k/(-2)*(-1)/(-3).
2, 3
Suppose -k + 159 = -4*b, b = -k + 2*b + 153. List the prime factors of k.
151
Let o be -18*((-3)/(-6))/1. What are the prime factors of 9*((-30)/o + -2)?
2, 3
Let q(g) = -2*g - 10. Let l be q(-8). Suppose b - 3*o - 27 = 0, 4*b - l*o = -2*o + 100. List the prime factors of b.
2, 3
Suppose 2*m = -3*r - 7, -4*m - 23 = -0*r - 3*r. Suppose 0 = -2*l - r + 15. Suppose l*c = f + 2*c - 21, -f - 4*c - 6 = 0. List the prime factors of f.
2, 3
Suppose 0*c = -4*c + 12. Suppose r = -c*r + 12. What are the prime factors of r?
3
Let z = 90 - 15. Suppose g - z = -12. What are the prime factors of (-14)/g + 148/18?
2
Let a(o) = o. Let m(b) = -4*b + 6. Let d(v) = 5*a(v) - m(v). List the prime factors of d(5).
3, 13
Let y be 9/(-45) + (-21)/(-5). Suppose -3*d + 96 = y*n, 2*n + d + 2*d - 48 = 0. List the prime factors of n.
2, 3
Let j(i) = 3 - i + 2*i + 2*i. Suppose -4*f = -17 - 3. What are the prime factors of j(f)?
2, 3
Let t(g) = g**3 - 2*g**2 - 2*g + 2. Let i be t(3). Let s be 2/(0 + 4/6). Suppose 0 = -3*n - s, 4*d + 8 = i*n + 21. List the prime factors of d.
2
Suppose 0 = 3*x + 79 - 730. List the prime factors of x.
7, 31
Let q be 0 - (-2 + 3 + -4). Suppose 3*p = 7*p - k - 153, 149 = 4*p + q*k. List the prime factors of p.
2, 19
Let j = 28 - 14. What are the prime factors of j?
2, 7
Let h = 63 - 44. Suppose 2*b - h = b. Let s = -12 + b. List the prime factors of s.
7
Let x(z) be the first derivative of z**2/2 + z + 3. Let a be x(0). Suppose -5*b + t - 1 = -24, 0 = -2*b - 3*t - a. What are the prime factors of b?
2
Suppose 3*q = 4*q. Suppose -5*g + q*x + 2*x + 4 = 0, -4*x + 20 = 4*g. List the prime factors of 4 - -13 - (-1 + g).
2
Suppose -2*i = -3*i + 158. List the prime factors of i.
2, 79
Let h(w) be the first derivative of -w**4/4 + 11*w**3/3 + 3*w**2/2 - 13*w - 3. Let i be h(11). Let v = i + 